 x(-5).
3
Suppose -2*m + 165 = 2*a - 277, -3*a - 5*m + 657 = 0. Calculate the remainder when a is divided by 78.
68
What is the remainder when 2/(((-25)/(-25))/((-633)/(-6))) is divided by 53?
52
Suppose -7*z - 67 = -2846. Let j = 16 + z. What is the remainder when j is divided by 46?
45
Let t(p) = p**3 - p**2 - p + 15. Let m(j) = -j + 1. Let b be (72/(-16) + 6)*4/6. Let n be m(b). What is the remainder when t(n) is divided by 8?
7
Let g(j) = -120*j + 491. What is the remainder when 677 is divided by g(4)?
6
Let y(d) = -5*d + 19. Suppose 2*q - 6*q = 2*m + 26, -30 = 5*q + 2*m. Calculate the remainder when 89 is divided by y(q).
11
Let m be (17/1)/((-6)/(-12)). Let f = -32 + m. Suppose -258 = -5*g + 4*c, -f*g = g - 4*c - 158. What is the remainder when g is divided by 26?
24
Let r = -505 - -510. Suppose -3*c - 2*s = s - 519, -5*c + 825 = -r*s. What is the remainder when c is divided by 48?
25
Suppose -14 = -5*r - 9*r. Calculate the remainder when 230/35 - 4/7 is divided by r.
0
Let q(w) = -31*w + 1278. Calculate the remainder when q(37) is divided by 115.
16
Let g be -1 - 1 - -12 - 0. Let y be 0/g*(3 + -2). Suppose -5*z + 10*z - 540 = y. What is the remainder when z is divided by 22?
20
Let o(y) = 2*y - 26. Let m be o(15). What is the remainder when 80 is divided by -1 + (-4 + 44)/m?
8
Suppose -2*r = -2*g + 6, -3*g + 11 + 2 = r. Suppose 5*l - 5*u - 65 = 0, -3*u = l - 2*u - 9. What is the remainder when (-2)/(((-2)/65)/r) is divided by l?
10
Let d(m) = -m**3 - m**2 + 7*m + 13. Let y be d(-4). Suppose -30*w + y*w - 27 = 0. Calculate the remainder when 15 is divided by w.
6
Suppose -171*g + 1243 + 1425 = 787. What is the remainder when 677 is divided by g?
6
Suppose -2*m + 4*m = 116. Let t = 9776 - 9744. Calculate the remainder when m is divided by t.
26
Suppose 0 = 3*q + w - 3*w - 1055, 2*q + 4*w - 730 = 0. What is the remainder when q is divided by 68?
15
Calculate the remainder when 1013 is divided by 6*(100/105 - (-20)/(-70)).
1
Suppose -59*k - 3*h = -58*k - 26, -3*k + 155 = -2*h. Calculate the remainder when 227 is divided by k.
39
Suppose -54*n - 4*d = -57*n + 65, n - 18 = 5*d. What is the remainder when 187 is divided by n?
3
Suppose 15*a - 456 = 12*a. What is the remainder when a is divided by 14*(-6)/(-28) + (-36)/(-1)?
35
Suppose u - 3*l = 183, 5*u - 299 - 600 = -l. Calculate the remainder when u is divided by 88.
4
Let h be 7/2*(8 - (4 + 0)). Let o(t) = -27*t + h*t**2 + 3*t - 54*t**3 + 53*t**3 + 8. What is the remainder when 29 is divided by o(12)?
5
Suppose 0 = -12*i + 22*i - 30. Suppose -40 = -5*q + 2*o + 10, -20 = -2*q - i*o. Calculate the remainder when 308 is divided by q.
8
Let r be 4 - (-11)/(-2) - (-285)/2. Suppose -2*f = -49 - r. What is the remainder when f is divided by 17?
10
Let d(h) = 38*h - 166. Let c be d(5). What is the remainder when ((-12)/(-21))/(c/1932) is divided by 19?
8
Let l = 135 + -77. Suppose -q + 2*x = -2*q + l, 0 = 5*q - 2*x - 242. Calculate the remainder when q is divided by 40.
10
Suppose 3*h + 164 = -64. Let o be 9/(-3) - h/2. Suppose 3*c - 42 = -2*a, -2*c + 4 = 5*a - o. What is the remainder when 69 is divided by c?
9
Let c(d) = -4*d**2 + 19*d**2 - 2 - 1 + d + 4. Suppose -9*u + 6*u + 75 = 0. What is the remainder when u is divided by c(-1)?
10
Suppose 2524 - 368 = 11*f. Suppose 0 = -16*r + 204 + f. What is the remainder when 48 is divided by r?
23
Suppose 410 - 116 = -2*u. Let r = -122 - u. What is the remainder when 171 is divided by r?
21
Let g(u) = -3*u**2 - 13*u - 68. Let i be g(-18). Let c = i + 1139. Calculate the remainder when c is divided by 56.
53
Let o = -12342 - -12396. Calculate the remainder when 144 is divided by o.
36
Let s = 363 + -331. Suppose -2*o = -s - 62. Let v(a) = 93*a + 1. Calculate the remainder when v(2) is divided by o.
46
Suppose -5*l = 5, 0*b - 31 = -b + l. Let g(x) = 46*x + 51. Calculate the remainder when g(0) is divided by b.
21
Let l = -225 - -114. Let c = 45 + l. Let p = 101 + c. Calculate the remainder when p is divided by 10.
5
Let j(q) = 85*q**3 - q**2 + 32*q - 72. Calculate the remainder when j(2) is divided by 231.
206
Let j = -374 - -367. Let r(o) = o**3 + 7*o**2 - 9*o + 3. Calculate the remainder when r(j) is divided by 36.
30
Let j be (-266)/(-238) - (-2)/(-17). Calculate the remainder when 253 is divided by 0 + -7 + 4 + j*46.
38
Let s = 20 + -10. Calculate the remainder when 4/(-6)*((-15 - -25) + -142) is divided by s.
8
Suppose -8428 = -34*u + 14080. What is the remainder when u is divided by 53?
26
Suppose -15*x = -5*x + 1640. Let a = x - -296. Calculate the remainder when a is divided by 34.
30
Calculate the remainder when 248 is divided by (-2)/(-60)*(160 + -156) + (-103)/(-15).
3
Suppose 0 = -476*i + 753*i - 65372. Calculate the remainder when i is divided by 100.
36
Let a be (0 + 1)/(-1) + 1. Let n(s) = -14*s + 83. Let w(r) = 6*r - 43. Let d(u) = -4*n(u) - 9*w(u). Calculate the remainder when d(a) is divided by 15.
10
Let t = 9347 - 9100. Calculate the remainder when 521 is divided by t.
27
Suppose 16*t = 23*t - 294. Let m = t - 35. Suppose -m*r + 65 = -404. Calculate the remainder when r is divided by 12.
7
Suppose 8*c - 4*c - 2*a = 108, 0 = 4*a. Suppose 5*b = 4*b - 20. Let x = -5 - b. What is the remainder when c is divided by x?
12
Let c(r) be the third derivative of -25*r**2 + 0 + 3*r**3 + 0*r - 5/6*r**4. Calculate the remainder when c(-4) is divided by 10.
8
What is the remainder when ((-30)/12)/((245/1092)/(-35)) is divided by 12?
6
Let u(z) = z**3 + 6*z**2 + 4*z + 5. Let t = -40045 + 40051. What is the remainder when u(-5) is divided by t?
4
Suppose -4*x - 4*k - 1488 = 0, -2*k = 4*x + k + 1484. Let l = -255 - x. Let b = l + -60. What is the remainder when b is divided by 15?
8
Suppose 6*l - 41 = -5. Let b(q) = q**2 + 5*q - 3. Calculate the remainder when l/8 + 1107/108 is divided by b(-6).
2
What is the remainder when (-1)/(-3) + (-634)/(-6) is divided by (-51)/170 + (3 - (-1265)/50) + -1?
25
Let b(q) = -2*q**3 - 13*q**2 - 10*q - 10. Calculate the remainder when b(-8) is divided by 14 + ((-2)/5 - 324/(-60)).
15
Let w = -6 - 165. Let b = w - -199. Let l(y) = y + 2. Calculate the remainder when b is divided by l(8).
8
Suppose 5*v - 12*t - 295 = -7*t, 4*t = -4*v + 268. Suppose 4*w - 220 = -80. Let i = 68 - w. Calculate the remainder when v is divided by i.
30
Suppose 2*b = -f - 481 + 118, -4*b - 731 = f. Let v = 192 + b. What is the remainder when 26 is divided by v?
2
Let y(b) = -10*b - 7. Let h be y(-10). Let t(u) = 15*u - 6. Let z be t(-2). Let o = h + z. What is the remainder when o is divided by 15?
12
Suppose 265 = 4*g + 3*w, 151*w - 156*w = 4*g - 247. What is the remainder when 399 is divided by g?
34
Suppose 7856*m - 7874*m + 1854 = 0. Calculate the remainder when 208 is divided by m.
2
Suppose -3*z - 12 - 122 = -b, b - 4*z = 134. Let o be (-2697)/372*18/(-4)*16. Let k = -487 + o. Calculate the remainder when b is divided by k.
29
Let l(s) = -122 + 6*s + 7*s - 25*s. Calculate the remainder when (-1 - -2)*(-2 + 69) is divided by l(-11).
7
Let k be 9 - 0/((-4)/(-8)*-4). Suppose k*z - 140 = -11*z. Calculate the remainder when z is divided by 3.
1
Let t = -6259 - -6297. Calculate the remainder when 173 is divided by t.
21
Suppose 3*u - 287 = 5*s, -1313 = -14*u + 2*s - 5*s. What is the remainder when 346 is divided by u?
64
Let s = 10693 + -10641. Calculate the remainder when 2959 is divided by s.
47
Suppose -5*n = -3*b - 945, -b = -49*n + 50*n - 189. Calculate the remainder when 568 is divided by n.
1
Suppose 13248*f + 247 = 13261*f. Let v be (-10)/4 - (-2)/(-4). What is the remainder when ((-183)/(-9))/((-1)/v) is divided by f?
4
Suppose 5*r = -4*a + 380, 3*a + 304 = 6*a - r. Let n = a - -88. What is the remainder when n is divided by 63?
62
Suppose 3*g - 7 = 2. Let t be -1*1/(-2)*(-32 - -8). Calculate the remainder when g/t - 795/(-12) is divided by 23.
20
Let f(h) = 127*h**2 - h + 5. Let m be f(2). Let n = 513 - m. What is the remainder when 17 is divided by n?
1
Let c(z) = -z**3 - 13*z**2 - 2*z - 204. What is the remainder when 276 is divided by c(-14)?
16
Let a(l) = 208*l + 40. What is the remainder when 700 is divided by a(0)?
20
Suppose 0 = 8*f - 340*f + 7232 + 32608. What is the remainder when 1555 is divided by f?
115
Suppose -n + 5*